*3/6 - 4*v**2 + 8*v. Let i(l) = -4*l - 50. Let c be i(-12). List the prime factors of j(c).
2, 3, 29
Suppose 0 = -5*j + 25, -j = 3*n - 2*n - 27. Let g(c) = -3 - n + 2*c + 62. List the prime factors of g(0).
37
Let z = -1 - -1. Suppose -152 - 128 = -16*a + 40. Suppose -5*c - a = 0, -2*w + z*c + 28 = -4*c. What are the prime factors of w?
2, 3
What are the prime factors of (95950/(-76))/((-3)/18)?
3, 5, 101
Let b = -90 - -78. What are the prime factors of (7185/(-8))/(-5) + b/(-32)?
2, 3, 5
Let a(k) = 18*k**2 - 2*k + 2. Let i be a(1). Suppose i*f = 14*f + 2532. List the prime factors of f.
3, 211
Let r be (2041 + 1)/(3 + -4 + -1). Let v = 1651 + r. What are the prime factors of v?
2, 3, 5, 7
Let k(b) = -35*b - 87. Let o = 156 - 163. List the prime factors of k(o).
2, 79
Let w = -2237 - -3381. List the prime factors of w.
2, 11, 13
Let t(p) = -9*p**2 + p + 14. Let l be (-2)/2 + (-12)/6. Let g be t(l). Let o = g + 124. What are the prime factors of o?
2, 3
Let o(b) = 396*b**3 - 4*b**2 + 8*b - 8. List the prime factors of o(2).
2, 5, 79
Suppose -133261 = 62*u + 25*u - 1510732. List the prime factors of u.
71, 223
Let j = -330 + 325. What are the prime factors of (-301)/(-2) - 4*j/40?
151
Let s be -5*(-4 + -4 + 1 + 6). Let h = 23 + s. What are the prime factors of 15*(h/5 + -5)?
3
Let k be (-1)/(-11) + (-25155)/99. Let i = k - -541. List the prime factors of i.
7, 41
Suppose -130*h - 37767 = -p - 128*h, 0 = -2*p + 5*h + 75532. What are the prime factors of p?
107, 353
Suppose 4*m - 10*m - 1734 = 0. Let l = m - -431. Suppose 4*u = -q + l, -u = -2*q + 3*u + 284. List the prime factors of q.
2, 71
Let c(q) = 324*q + 11. Let y(m) = -972*m - 34. Let g(u) = 7*c(u) + 2*y(u). List the prime factors of g(1).
3, 37
Let w be ((-3)/(-6))/(1/1436). Let p = -341 + w. What are the prime factors of p?
13, 29
What are the prime factors of (-53)/(15582/343) - 200066/(-12)?
3, 5557
Let x(l) = 12*l**2 - 169*l - 39. What are the prime factors of x(24)?
3, 313
Suppose -l + 0 = -21. Suppose 16 = f - l. Suppose 257 = 2*v - f. What are the prime factors of v?
3, 7
Let u = 4914 + 5574. What are the prime factors of u?
2, 3, 19, 23
Let b(u) = 8 - 10 + 18 + 107*u - 208*u + 106*u. Suppose -2 = d - 3*x - 4, 0 = -3*d + 4*x + 26. List the prime factors of b(d).
2, 43
Suppose 4*s = 3*j - 8809, -12*j + 3*s = -11*j - 2933. What are the prime factors of j?
2939
Let o(x) = 1504*x + 3119. What are the prime factors of o(8)?
109, 139
Let r(a) = -623*a - 488. What are the prime factors of r(-12)?
2, 1747
List the prime factors of (9 - 21 - -4547) + -1.
2, 2267
Let k(p) = -p**2 - 74*p - 78. Suppose 2*g = -5*m - 56, 4*g + 5*m - 38 + 160 = 0. List the prime factors of k(g).
3, 5, 17
Let q = 42 - 20. Suppose -3*u = 5*v - 572, 7*v = 3*v + 2*u + 440. Let j = v - q. What are the prime factors of j?
2, 3, 5
What are the prime factors of (-6)/(-14) + 623/(-21)*(-10404)/14?
3, 7349
Let y(g) be the second derivative of -g**5/10 - 5*g**4/4 + 7*g**3/6 - g**2 - 37*g. Let l be y(-8). What are the prime factors of ((-13 + 5)/(-4))/(l/315)?
3, 5, 7
Let z = -642 + 646. List the prime factors of (-1 + 604/z)*110/30.
2, 5, 11
Let k be (-930)/(-21) - (-2)/28*-4. Suppose k - 26 = 2*h. What are the prime factors of ((-7)/(-6) - h/(-6))*15?
2, 5
Let h be 2/(-10) - 22/(-10). Let l = 1406 + -1401. What are the prime factors of (1*(-2)/l)/(h/(-430))?
2, 43
Let i(o) = -o**3 - 6*o**2 + 7*o + 8. Let c be i(-7). Suppose -14 = 6*z - c. What are the prime factors of z/(-5) + (-240)/(-50)?
5
Suppose -27*a + 28*a - 168 = 0. Suppose c + a = -c. List the prime factors of 1/(-6) - 4130/c.
7
Let w be 20/5*(-30)/8. Let g be (-2)/w - (-73)/15. Suppose 4*k = 8, -136 = -g*u + k - 48. What are the prime factors of u?
2, 3
Suppose -14*k - 24 = -8*k. Let q = k - -453. List the prime factors of q.
449
Let r(n) = 170*n**2 - 57*n + 403. What are the prime factors of r(-18)?
56509
Let w(i) be the third derivative of -17/6*i**3 + 5/24*i**4 + 0*i + 0 - 1/120*i**6 + 19/60*i**5 - 15*i**2. What are the prime factors of w(19)?
2, 3, 13
Let r be 9/((-405)/(-15130)) - 6/27. Suppose -14*h + 0*h + r = 0. What are the prime factors of h?
2, 3
Let x(g) = g + 23. Let l be x(-7). Let s = 23 - l. Suppose s*j = 9*j - 96. What are the prime factors of j?
2, 3
Let b = 287 + -287. Suppose -m + 391 = k, -4*k + 3*m = -b*k - 1585. What are the prime factors of k?
2, 197
Let c = 10 + 2. Let m be (-26)/(-6) + 8/c. Suppose 0 = -6*s + m*s + 29. List the prime factors of s.
29
Let s(l) = -286*l - 15. Let t be s(22). Let o = -13843 - t. What are the prime factors of (-4)/22 - o/66?
2, 3, 19
What are the prime factors of 1878/(-24)*-92 + -10?
7, 13, 79
Let o(a) = 2*a**3 - 3*a**2 - 5*a + 6. Let m be o(3). Let h = 18 - m. Suppose 0 = -4*u + 16, -v - 4*u + 135 + 1 = h. List the prime factors of v.
2, 3, 5
Let x = 10 + -2. Let t be (x/10)/((-6)/45). Let z = t + 13. List the prime factors of z.
7
Suppose 381 = -519*h + 522*h. Let v = -125 + h. List the prime factors of v.
2
Let y = 23968 + -15833. List the prime factors of y.
5, 1627
List the prime factors of (4/8)/(5/2110) + 9.
2, 5, 11
Let m be -220 - (-2)/(4/(-2)). Suppose -494*o = -528*o + 11662. Let n = o + m. List the prime factors of n.
2, 61
Suppose 212 = 2*f - 360. Let b = f - 146. What are the prime factors of b?
2, 5, 7
Let h = 1600 + -829. Suppose -h = -l - 3*n, 18*l - 13*l - 4*n = 3760. List the prime factors of l.
2, 3, 7
Suppose -5*i = -1 - 9. What are the prime factors of (150 - (3 + i))*2?
2, 5, 29
Let m(a) = a**3 + 27*a**2 + 272*a + 150. List the prime factors of m(28).
2, 3, 11, 257
Let o be -1 + 3 + 0/(-1) - -2. Suppose -4*r + 23 = b - 9, -o*b - 32 = -4*r. Suppose 4*w - 2*u - 496 = 0, -r*w + 5*w + 362 = u. What are the prime factors of w?
2, 61
Suppose -11*s + 1699 = -13107. List the prime factors of s.
2, 673
Let u(b) = 5*b + 2*b + 28 + 43 + b. Let m(v) = 9*v + 70. Let o(c) = -4*m(c) + 5*u(c). What are the prime factors of o(0)?
3, 5
Suppose -13*o + 13 + 0 = 0. What are the prime factors of (-2)/(o/(-334)*(-4 + 5))?
2, 167
Suppose -10*y + 103 = 63. What are the prime factors of (y/10)/(80/13400)?
67
Let c be (-360)/(-288) + (-5878)/(-8). Let b = 203 + c. List the prime factors of b.
3, 313
Let o = 181 - 58. Suppose -o*l - 3609 = -132*l. List the prime factors of l.
401
Suppose 5*k - 15892 = -2*m, -3*k + 0*m - m + 9535 = 0. Suppose k = 3*v + 574. Suppose 7*y - v + 203 = 0. List the prime factors of y.
5, 19
Suppose 4*i - 5*h = 108 - 935, -4*h + 832 = -4*i. Let z = -159 - i. What are the prime factors of z?
2, 3
Suppose 5*p + u - 1320 = 0, -5*p = 2*u - 529 - 786. Let w = -246 + p. List the prime factors of w.
19
Let g = 0 + 2. Let i be 24/(-40) + (-776)/(-10). Suppose -g*k - 2*b = -i - 33, k + 2*b - 51 = 0. What are the prime factors of k?
59
Suppose 17*t = 33*t. List the prime factors of (t - 2421/6)*4/(-6).
269
Suppose 2*z = -4*d + 20436, 9*z - 81759 = z - d. What are the prime factors of z?
2, 5, 7, 73
Suppose 0 = 19*j + 3579 + 7973. List the prime factors of (j/(-40))/((-2)/(-20)).
2, 19
Suppose 12 + 8 = 5*w, -5*u = -5*w + 75. Let n be 2/u + (-7578)/(-132)*-2. Let g = n + 256. List the prime factors of g.
3, 47
Suppose -52*r + 444424 = 10*r - 686642. What are the prime factors of r?
3, 2027
What are the prime factors of ((-2150)/35)/((-9)/963*(-3)/(-21))?
2, 5, 43, 107
What are the prime factors of (-3560 + -60)/(156/40 - 4)?
2, 5, 181
Suppose -5*h - 5 = -b + 12, 5*b - h - 37 = 0. Suppose -8*s + b*s + 40 = 0. Suppose -s*g = -38*g - 216. What are the prime factors of g?
2, 3
Let v(f) = 31 + 12*f - 14 + 106*f**2 + 28 - 105*f**2. List the prime factors of v(-11).
2, 17
Suppose -i = -10*v + 13*v + 6944, 4632 = -2*v + 2*i. What are the prime factors of (-225)/135 + v/(-3)?
2, 5, 7, 11
Suppose -4 = -15*c - 4. Let s(m) = -m**2 - 3*m + 4. Let u be s(c). Suppose u*p + 860 = 4*w, 0 = -3*w - w + 3*p + 857. List the prime factors of w.
2, 53
Let j(b) be the third derivative of b**7/840 + 7*b**6/360 + b**5/10 + 4*b**2. Let i(m) be the third derivative of j(m). List the prime factors of i(0).
2, 7
Let h be ((0 - -3) + -2)*(-22)/(-2). Suppose -h*i + 19*i - 4240 = 0. What are the prime factors of i?
2, 5, 53
Suppose 4 = w + 2*g, 3*g = w - 3*w + 7. Let z(y) = 6*y**2 - 5*y**2 + 31*y - y**2 - y**w - 55. List the